{"type":"Feature","properties":{"id":22103,"inspire_geology_50k_siglnegcreator_geunit_featureid":932457,"inspire_geology_50k_siglnegcreator_geunit_featurename":"S\u00e9rie Negra de Serra : Intercala\u00e7\u00f5es de metavulcanitos \u00e1cidos","inspire_geology_50k_siglnegcreator_geunit_representativeage":"ediacaran","inspire_geology_50k_siglnegcreator_geunit_representativeage_2":"Ediacaran","inspire_geology_50k_siglnegcreator_geunit_representativeage_3":"http://inspire.ec.europa.eu/codelist/GeochronologicEraValue/ediacaran","inspire_geology_50k_siglnegcreator_geunit_eonothem":"Proterozoico","inspire_geology_50k_siglnegcreator_geunit_erathem":"Neoproterozoico","inspire_geology_50k_siglnegcreator_geunit_system":"Ediac\u00e1rico","inspire_geology_50k_siglnegcreator_geunit_series":null,"inspire_geology_50k_siglnegcreator_geunit_stage":null,"inspire_geology_50k_siglnegcreator_geunit_geologicunittype_":"lithodemicUnit","inspire_geology_50k_siglnegcreator_geunit_geologicunittype__2":"Lithodemic Unit","inspire_geology_50k_siglnegcreator_geunit_geologicunittype__3":"http://inspire.ec.europa.eu/codelist/GeologicUnitTypeValue/lithodemicUnit","inspire_geology_50k_siglnegcreator_geunit_id_localid":"CGP50k_932457","inspire_geology_50k_siglnegcreator_geunit_id_namespace":"http://id.igeo.pt/so/GE/GeologicUnit","inspire_geology_50k_siglnegcreator_geunit_id_versionid":"v1","inspire_geology_50k_siglnegcreator_geunits_mappingframe_cod":"surfaceGeology","inspire_geology_50k_siglnegcreator_geunits_mappingframe_lab":"surface geology","inspire_geology_50k_siglnegcreator_geunits_mappingframe_uri":"http://inspire.ec.europa.eu/codelist/MappingFrameValue/surfaceGeology"},"id":22103,"geometry":{"type":"Polygon","coordinates":[[[-8.267205525999941,39.54437536700004],[-8.267389944999934,39.54446011100003],[-8.267476600999942,39.54450449400008],[-8.267639780999957,39.544528134000075],[-8.267876790999935,39.544530241000075],[-8.268062550999957,39.54453620900006],[-8.26807127799998,39.544541816000056],[-8.270356921999962,39.54616549200006],[-8.271913631999952,39.54730749000003],[-8.273775238999974,39.54872807100003],[-8.273659926999926,39.54878778700003],[-8.27355233399993,39.548859410000034],[-8.273444800999926,39.548960819000065],[-8.271651956999962,39.54754809600007],[-8.270088101999931,39.54642437100006],[-8.268184732999941,39.54506232300003],[-8.267205525999941,39.54437536700004]]]},"prev":22102,"next":22104,"links":[{"type":"application/json","rel":"root","title":"A p\u00e1gina inicial da OGC API do LNEG em JSON","href":"https://ogcapi.lneg.pt?f=json"},{"type":"text/html","rel":"root","title":"A p\u00e1gina inicial da OGC API do LNEG em HTML","href":"https://ogcapi.lneg.pt?f=html"},{"rel":"self","type":"application/geo+json","title":"Este documento em JSON","href":"https://ogcapi.lneg.pt/collections/cgp50k-prt-lneg-en-50k-age/items/22103?f=json"},{"rel":"alternate","type":"application/ld+json","title":"Este documento em RDF (JSON-LD)","href":"https://ogcapi.lneg.pt/collections/cgp50k-prt-lneg-en-50k-age/items/22103?f=jsonld"},{"rel":"alternate","type":"text/html","title":"Este documento em HTML","href":"https://ogcapi.lneg.pt/collections/cgp50k-prt-lneg-en-50k-age/items/22103?f=html"},{"rel":"collection","type":"application/json","title":"DadosHarmonizados50k/Idades Representativas","href":"https://ogcapi.lneg.pt/collections/cgp50k-prt-lneg-en-50k-age"},{"rel":"prev","type":"application/json","href":"https://ogcapi.lneg.pt/collections/cgp50k-prt-lneg-en-50k-age/items/22102?f=json"},{"rel":"next","type":"application/json","href":"https://ogcapi.lneg.pt/collections/cgp50k-prt-lneg-en-50k-age/items/22104?f=json"}]}

Série Negra de Serra : Intercalações de metavulcanitos ácidos

Ediacárico

A página inicial da OGC API do LNEG em JSON

A página inicial da OGC API do LNEG em HTML
