{"type":"Feature","properties":{"id":22101,"inspire_geology_50k_siglnegcreator_geunit_featureid":932457,"inspire_geology_50k_siglnegcreator_geunit_featurename":"S\u00e9rie Negra de Serra : Intercala\u00e7\u00f5es de metavulcanitos \u00e1cidos","inspire_geology_50k_siglnegcreator_geunit_representativeage":"ediacaran","inspire_geology_50k_siglnegcreator_geunit_representativeage_2":"Ediacaran","inspire_geology_50k_siglnegcreator_geunit_representativeage_3":"http://inspire.ec.europa.eu/codelist/GeochronologicEraValue/ediacaran","inspire_geology_50k_siglnegcreator_geunit_eonothem":"Proterozoico","inspire_geology_50k_siglnegcreator_geunit_erathem":"Neoproterozoico","inspire_geology_50k_siglnegcreator_geunit_system":"Ediac\u00e1rico","inspire_geology_50k_siglnegcreator_geunit_series":null,"inspire_geology_50k_siglnegcreator_geunit_stage":null,"inspire_geology_50k_siglnegcreator_geunit_geologicunittype_":"lithodemicUnit","inspire_geology_50k_siglnegcreator_geunit_geologicunittype__2":"Lithodemic Unit","inspire_geology_50k_siglnegcreator_geunit_geologicunittype__3":"http://inspire.ec.europa.eu/codelist/GeologicUnitTypeValue/lithodemicUnit","inspire_geology_50k_siglnegcreator_geunit_id_localid":"CGP50k_932457","inspire_geology_50k_siglnegcreator_geunit_id_namespace":"http://id.igeo.pt/so/GE/GeologicUnit","inspire_geology_50k_siglnegcreator_geunit_id_versionid":"v1","inspire_geology_50k_siglnegcreator_geunits_mappingframe_cod":"surfaceGeology","inspire_geology_50k_siglnegcreator_geunits_mappingframe_lab":"surface geology","inspire_geology_50k_siglnegcreator_geunits_mappingframe_uri":"http://inspire.ec.europa.eu/codelist/MappingFrameValue/surfaceGeology"},"id":22101,"geometry":{"type":"Polygon","coordinates":[[[-8.308267623999939,39.596282258000045],[-8.308298270999956,39.59622025300007],[-8.308390714999973,39.59623441100007],[-8.30856350099998,39.596348534000064],[-8.308761085999947,39.59652457800007],[-8.309026724999967,39.59681490400004],[-8.309724701999926,39.59753351600006],[-8.309761872999957,39.59761448200004],[-8.309725004999962,39.597652667000034],[-8.309644926999965,39.59765755500007],[-8.309527800999945,39.59762913700007],[-8.309422924999978,39.59757210500005],[-8.30915129899995,39.59735328000006],[-8.308749736999971,39.596910647000065],[-8.308378898999933,39.596434603000034],[-8.308267623999939,39.596282258000045]]]},"prev":22100,"next":22102,"links":[{"type":"application/json","rel":"root","title":"A p\u00e1gina inicial da OGC API do LNEG em JSON","href":"https://ogcapi.lneg.pt?f=json"},{"type":"text/html","rel":"root","title":"A p\u00e1gina inicial da OGC API do LNEG em HTML","href":"https://ogcapi.lneg.pt?f=html"},{"rel":"self","type":"application/geo+json","title":"Este documento em JSON","href":"https://ogcapi.lneg.pt/collections/cgp50k-prt-lneg-en-50k-age/items/22101?f=json"},{"rel":"alternate","type":"application/ld+json","title":"Este documento em RDF (JSON-LD)","href":"https://ogcapi.lneg.pt/collections/cgp50k-prt-lneg-en-50k-age/items/22101?f=jsonld"},{"rel":"alternate","type":"text/html","title":"Este documento em HTML","href":"https://ogcapi.lneg.pt/collections/cgp50k-prt-lneg-en-50k-age/items/22101?f=html"},{"rel":"collection","type":"application/json","title":"DadosHarmonizados50k/Idades Representativas","href":"https://ogcapi.lneg.pt/collections/cgp50k-prt-lneg-en-50k-age"},{"rel":"prev","type":"application/json","href":"https://ogcapi.lneg.pt/collections/cgp50k-prt-lneg-en-50k-age/items/22100?f=json"},{"rel":"next","type":"application/json","href":"https://ogcapi.lneg.pt/collections/cgp50k-prt-lneg-en-50k-age/items/22102?f=json"}]}

Série Negra de Serra : Intercalações de metavulcanitos ácidos

Ediacárico

A página inicial da OGC API do LNEG em JSON

A página inicial da OGC API do LNEG em HTML
