{"type":"Feature","properties":{"id":21889,"inspire_geology_50k_siglnegcreator_geunit_featureid":932457,"inspire_geology_50k_siglnegcreator_geunit_featurename":"S\u00e9rie Negra de Serra : Intercala\u00e7\u00f5es de metavulcanitos \u00e1cidos","inspire_geology_50k_siglnegcreator_geunit_representativeage":"ediacaran","inspire_geology_50k_siglnegcreator_geunit_representativeage_2":"Ediacaran","inspire_geology_50k_siglnegcreator_geunit_representativeage_3":"http://inspire.ec.europa.eu/codelist/GeochronologicEraValue/ediacaran","inspire_geology_50k_siglnegcreator_geunit_eonothem":"Proterozoico","inspire_geology_50k_siglnegcreator_geunit_erathem":"Neoproterozoico","inspire_geology_50k_siglnegcreator_geunit_system":"Ediac\u00e1rico","inspire_geology_50k_siglnegcreator_geunit_series":null,"inspire_geology_50k_siglnegcreator_geunit_stage":null,"inspire_geology_50k_siglnegcreator_geunit_geologicunittype_":"lithodemicUnit","inspire_geology_50k_siglnegcreator_geunit_geologicunittype__2":"Lithodemic Unit","inspire_geology_50k_siglnegcreator_geunit_geologicunittype__3":"http://inspire.ec.europa.eu/codelist/GeologicUnitTypeValue/lithodemicUnit","inspire_geology_50k_siglnegcreator_geunit_id_localid":"CGP50k_932457","inspire_geology_50k_siglnegcreator_geunit_id_namespace":"http://id.igeo.pt/so/GE/GeologicUnit","inspire_geology_50k_siglnegcreator_geunit_id_versionid":"v1","inspire_geology_50k_siglnegcreator_geunits_mappingframe_cod":"surfaceGeology","inspire_geology_50k_siglnegcreator_geunits_mappingframe_lab":"surface geology","inspire_geology_50k_siglnegcreator_geunits_mappingframe_uri":"http://inspire.ec.europa.eu/codelist/MappingFrameValue/surfaceGeology"},"id":21889,"geometry":{"type":"Polygon","coordinates":[[[-8.258946364999929,39.54442570200006],[-8.258838427999933,39.544311434000065],[-8.25873351699994,39.54416856600005],[-8.258597818999931,39.54402096400003],[-8.25848055399996,39.54385427900007],[-8.258431142999939,39.543763776000056],[-8.26159511499998,39.545632725000075],[-8.262907154999937,39.54663119200006],[-8.262747137999952,39.54665520200006],[-8.262562461999948,39.54666017600005],[-8.261373878999962,39.54584029600006],[-8.258946364999929,39.54442570200006]]]},"prev":21888,"next":21890,"links":[{"type":"application/json","rel":"root","title":"A p\u00e1gina inicial da OGC API do LNEG em JSON","href":"https://ogcapi.lneg.pt?f=json"},{"type":"text/html","rel":"root","title":"A p\u00e1gina inicial da OGC API do LNEG em HTML","href":"https://ogcapi.lneg.pt?f=html"},{"rel":"self","type":"application/geo+json","title":"Este documento em JSON","href":"https://ogcapi.lneg.pt/collections/cgp50k-prt-lneg-en-50k-age/items/21889?f=json"},{"rel":"alternate","type":"application/ld+json","title":"Este documento em RDF (JSON-LD)","href":"https://ogcapi.lneg.pt/collections/cgp50k-prt-lneg-en-50k-age/items/21889?f=jsonld"},{"rel":"alternate","type":"text/html","title":"Este documento em HTML","href":"https://ogcapi.lneg.pt/collections/cgp50k-prt-lneg-en-50k-age/items/21889?f=html"},{"rel":"collection","type":"application/json","title":"DadosHarmonizados50k/Idades Representativas","href":"https://ogcapi.lneg.pt/collections/cgp50k-prt-lneg-en-50k-age"},{"rel":"prev","type":"application/json","href":"https://ogcapi.lneg.pt/collections/cgp50k-prt-lneg-en-50k-age/items/21888?f=json"},{"rel":"next","type":"application/json","href":"https://ogcapi.lneg.pt/collections/cgp50k-prt-lneg-en-50k-age/items/21890?f=json"}]}

Série Negra de Serra : Intercalações de metavulcanitos ácidos

Ediacárico

A página inicial da OGC API do LNEG em JSON

A página inicial da OGC API do LNEG em HTML
