{"type":"Feature","properties":{"id":21879,"inspire_geology_50k_siglnegcreator_geunit_featureid":932456,"inspire_geology_50k_siglnegcreator_geunit_featurename":"S\u00e9rie Negra de Serra : Intercala\u00e7\u00f5es de metaliditos","inspire_geology_50k_siglnegcreator_geunit_representativeage":"ediacaran","inspire_geology_50k_siglnegcreator_geunit_representativeage_2":"Ediacaran","inspire_geology_50k_siglnegcreator_geunit_representativeage_3":"http://inspire.ec.europa.eu/codelist/GeochronologicEraValue/ediacaran","inspire_geology_50k_siglnegcreator_geunit_eonothem":"Proterozoico","inspire_geology_50k_siglnegcreator_geunit_erathem":"Neoproterozoico","inspire_geology_50k_siglnegcreator_geunit_system":"Ediac\u00e1rico","inspire_geology_50k_siglnegcreator_geunit_series":null,"inspire_geology_50k_siglnegcreator_geunit_stage":null,"inspire_geology_50k_siglnegcreator_geunit_geologicunittype_":"lithodemicUnit","inspire_geology_50k_siglnegcreator_geunit_geologicunittype__2":"Lithodemic Unit","inspire_geology_50k_siglnegcreator_geunit_geologicunittype__3":"http://inspire.ec.europa.eu/codelist/GeologicUnitTypeValue/lithodemicUnit","inspire_geology_50k_siglnegcreator_geunit_id_localid":"CGP50k_932456","inspire_geology_50k_siglnegcreator_geunit_id_namespace":"http://id.igeo.pt/so/GE/GeologicUnit","inspire_geology_50k_siglnegcreator_geunit_id_versionid":"v1","inspire_geology_50k_siglnegcreator_geunits_mappingframe_cod":"surfaceGeology","inspire_geology_50k_siglnegcreator_geunits_mappingframe_lab":"surface geology","inspire_geology_50k_siglnegcreator_geunits_mappingframe_uri":"http://inspire.ec.europa.eu/codelist/MappingFrameValue/surfaceGeology"},"id":21879,"geometry":{"type":"Polygon","coordinates":[[[-8.293126124999958,39.570821300000034],[-8.293162997999957,39.57078788600006],[-8.29323076199995,39.57079732400006],[-8.293360206999978,39.57084957100006],[-8.29362554499994,39.571077974000055],[-8.29390951199997,39.571373074000064],[-8.294174918999943,39.57163007200006],[-8.294329364999953,39.571839563000026],[-8.294345226999951,39.57186994600004],[-8.294348070999945,39.57190139800008],[-8.294335720999925,39.57192534300003],[-8.294313047999935,39.571936477000065],[-8.294280305999962,39.57193018700008],[-8.294169333999946,39.57187791500008],[-8.293854747999944,39.57165911500005],[-8.293515318999937,39.57134979300002],[-8.29323747999996,39.57104038400007],[-8.293126255999937,39.57087849200008],[-8.293126124999958,39.570821300000034]]]},"prev":21878,"next":21880,"links":[{"type":"application/json","rel":"root","title":"A p\u00e1gina inicial da OGC API do LNEG em JSON","href":"https://ogcapi.lneg.pt?f=json"},{"type":"text/html","rel":"root","title":"A p\u00e1gina inicial da OGC API do LNEG em HTML","href":"https://ogcapi.lneg.pt?f=html"},{"rel":"self","type":"application/geo+json","title":"Este documento em JSON","href":"https://ogcapi.lneg.pt/collections/cgp50k-prt-lneg-en-50k-age/items/21879?f=json"},{"rel":"alternate","type":"application/ld+json","title":"Este documento em RDF (JSON-LD)","href":"https://ogcapi.lneg.pt/collections/cgp50k-prt-lneg-en-50k-age/items/21879?f=jsonld"},{"rel":"alternate","type":"text/html","title":"Este documento em HTML","href":"https://ogcapi.lneg.pt/collections/cgp50k-prt-lneg-en-50k-age/items/21879?f=html"},{"rel":"collection","type":"application/json","title":"DadosHarmonizados50k/Idades Representativas","href":"https://ogcapi.lneg.pt/collections/cgp50k-prt-lneg-en-50k-age"},{"rel":"prev","type":"application/json","href":"https://ogcapi.lneg.pt/collections/cgp50k-prt-lneg-en-50k-age/items/21878?f=json"},{"rel":"next","type":"application/json","href":"https://ogcapi.lneg.pt/collections/cgp50k-prt-lneg-en-50k-age/items/21880?f=json"}]}

Série Negra de Serra : Intercalações de metaliditos

Ediacárico

A página inicial da OGC API do LNEG em JSON

A página inicial da OGC API do LNEG em HTML
