{"type":"Feature","properties":{"id":21696,"inspire_geology_50k_siglnegcreator_geunit_featureid":932457,"inspire_geology_50k_siglnegcreator_geunit_featurename":"S\u00e9rie Negra de Serra : Intercala\u00e7\u00f5es de metavulcanitos \u00e1cidos","inspire_geology_50k_siglnegcreator_geunit_representativeage":"ediacaran","inspire_geology_50k_siglnegcreator_geunit_representativeage_2":"Ediacaran","inspire_geology_50k_siglnegcreator_geunit_representativeage_3":"http://inspire.ec.europa.eu/codelist/GeochronologicEraValue/ediacaran","inspire_geology_50k_siglnegcreator_geunit_eonothem":"Proterozoico","inspire_geology_50k_siglnegcreator_geunit_erathem":"Neoproterozoico","inspire_geology_50k_siglnegcreator_geunit_system":"Ediac\u00e1rico","inspire_geology_50k_siglnegcreator_geunit_series":null,"inspire_geology_50k_siglnegcreator_geunit_stage":null,"inspire_geology_50k_siglnegcreator_geunit_geologicunittype_":"lithodemicUnit","inspire_geology_50k_siglnegcreator_geunit_geologicunittype__2":"Lithodemic Unit","inspire_geology_50k_siglnegcreator_geunit_geologicunittype__3":"http://inspire.ec.europa.eu/codelist/GeologicUnitTypeValue/lithodemicUnit","inspire_geology_50k_siglnegcreator_geunit_id_localid":"CGP50k_932457","inspire_geology_50k_siglnegcreator_geunit_id_namespace":"http://id.igeo.pt/so/GE/GeologicUnit","inspire_geology_50k_siglnegcreator_geunit_id_versionid":"v1","inspire_geology_50k_siglnegcreator_geunits_mappingframe_cod":"surfaceGeology","inspire_geology_50k_siglnegcreator_geunits_mappingframe_lab":"surface geology","inspire_geology_50k_siglnegcreator_geunits_mappingframe_uri":"http://inspire.ec.europa.eu/codelist/MappingFrameValue/surfaceGeology"},"id":21696,"geometry":{"type":"Polygon","coordinates":[[[-8.324938406999935,39.58946996700007],[-8.32501244599996,39.58951273900005],[-8.325203826999939,39.589664936000084],[-8.325370530999978,39.589802876000086],[-8.325605454999959,39.590107516000046],[-8.325580933999959,39.590150451000056],[-8.32553169199997,39.59016483000005],[-8.325494731999983,39.590164892000075],[-8.325396116999968,39.59014599100004],[-8.325303624999947,39.59011278200006],[-8.325174052999955,39.59003674100006],[-8.325025896999932,39.58992260000009],[-8.324883807999981,39.58977508600004],[-8.32482194499994,39.58967986700002],[-8.324815587999979,39.58960838700005],[-8.324815378999972,39.58953213000006],[-8.32483988699994,39.58948442800005],[-8.324864461999937,39.589460557000045],[-8.324938406999935,39.58946996700007]]]},"prev":21695,"next":21697,"links":[{"type":"application/json","rel":"root","title":"A p\u00e1gina inicial da OGC API do LNEG em JSON","href":"https://ogcapi.lneg.pt?f=json"},{"type":"text/html","rel":"root","title":"A p\u00e1gina inicial da OGC API do LNEG em HTML","href":"https://ogcapi.lneg.pt?f=html"},{"rel":"self","type":"application/geo+json","title":"Este documento em JSON","href":"https://ogcapi.lneg.pt/collections/cgp50k-prt-lneg-en-50k-age/items/21696?f=json"},{"rel":"alternate","type":"application/ld+json","title":"Este documento em RDF (JSON-LD)","href":"https://ogcapi.lneg.pt/collections/cgp50k-prt-lneg-en-50k-age/items/21696?f=jsonld"},{"rel":"alternate","type":"text/html","title":"Este documento em HTML","href":"https://ogcapi.lneg.pt/collections/cgp50k-prt-lneg-en-50k-age/items/21696?f=html"},{"rel":"collection","type":"application/json","title":"DadosHarmonizados50k/Idades Representativas","href":"https://ogcapi.lneg.pt/collections/cgp50k-prt-lneg-en-50k-age"},{"rel":"prev","type":"application/json","href":"https://ogcapi.lneg.pt/collections/cgp50k-prt-lneg-en-50k-age/items/21695?f=json"},{"rel":"next","type":"application/json","href":"https://ogcapi.lneg.pt/collections/cgp50k-prt-lneg-en-50k-age/items/21697?f=json"}]}

Série Negra de Serra : Intercalações de metavulcanitos ácidos

Ediacárico

A página inicial da OGC API do LNEG em JSON

A página inicial da OGC API do LNEG em HTML
