{"type":"Feature","properties":{"id":19052,"inspire_geology_50k_siglnegcreator_geunit_featureid":61150,"inspire_geology_50k_siglnegcreator_geunit_featurename":"Forma\u00e7\u00e3o de Vale das Fontes : Margas e calc\u00e1rios","inspire_geology_50k_siglnegcreator_geunit_representativeage":"pliensbachian","inspire_geology_50k_siglnegcreator_geunit_representativeage_2":"Pliensbachian","inspire_geology_50k_siglnegcreator_geunit_representativeage_3":"http://inspire.ec.europa.eu/codelist/GeochronologicEraValue/pliensbachian","inspire_geology_50k_siglnegcreator_geunit_eonothem":"Fanerozoico","inspire_geology_50k_siglnegcreator_geunit_erathem":"Mesozoico","inspire_geology_50k_siglnegcreator_geunit_system":"Jur\u00e1ssico","inspire_geology_50k_siglnegcreator_geunit_series":"Jur\u00e1ssico Inferior","inspire_geology_50k_siglnegcreator_geunit_stage":"Pliensbachiano","inspire_geology_50k_siglnegcreator_geunit_geologicunittype_":"lithostratigraphicUnit","inspire_geology_50k_siglnegcreator_geunit_geologicunittype__2":"Lithostratigraphic Unit","inspire_geology_50k_siglnegcreator_geunit_geologicunittype__3":"http://inspire.ec.europa.eu/codelist/GeologicUnitTypeValue/lithostratigraphicUnit","inspire_geology_50k_siglnegcreator_geunit_id_localid":"CGP50k_61150","inspire_geology_50k_siglnegcreator_geunit_id_namespace":"http://id.igeo.pt/so/GE/GeologicUnit","inspire_geology_50k_siglnegcreator_geunit_id_versionid":"v1","inspire_geology_50k_siglnegcreator_geunits_mappingframe_cod":"surfaceGeology","inspire_geology_50k_siglnegcreator_geunits_mappingframe_lab":"surface geology","inspire_geology_50k_siglnegcreator_geunits_mappingframe_uri":"http://inspire.ec.europa.eu/codelist/MappingFrameValue/surfaceGeology"},"id":19052,"geometry":{"type":"Polygon","coordinates":[[[-8.604320965999932,40.33548524900005],[-8.604729117999966,40.33529639700004],[-8.605171757999926,40.335017864000065],[-8.605590637999967,40.334690599000055],[-8.606438343999969,40.33378370500004],[-8.606300802999955,40.33419121600007],[-8.605988458999946,40.334697119000054],[-8.605512491999946,40.335228093000076],[-8.60521104199995,40.33561999600005],[-8.604862448999938,40.33596325500002],[-8.604568679999943,40.335777247000074],[-8.604380252999931,40.33559896100008],[-8.604320965999932,40.33548524900005]]]},"prev":19051,"next":19053,"links":[{"type":"application/json","rel":"root","title":"A p\u00e1gina inicial da OGC API do LNEG em JSON","href":"https://ogcapi.lneg.pt?f=json"},{"type":"text/html","rel":"root","title":"A p\u00e1gina inicial da OGC API do LNEG em HTML","href":"https://ogcapi.lneg.pt?f=html"},{"rel":"self","type":"application/geo+json","title":"Este documento em JSON","href":"https://ogcapi.lneg.pt/collections/cgp50k-prt-lneg-en-50k-age/items/19052?f=json"},{"rel":"alternate","type":"application/ld+json","title":"Este documento em RDF (JSON-LD)","href":"https://ogcapi.lneg.pt/collections/cgp50k-prt-lneg-en-50k-age/items/19052?f=jsonld"},{"rel":"alternate","type":"text/html","title":"Este documento em HTML","href":"https://ogcapi.lneg.pt/collections/cgp50k-prt-lneg-en-50k-age/items/19052?f=html"},{"rel":"collection","type":"application/json","title":"DadosHarmonizados50k/Idades Representativas","href":"https://ogcapi.lneg.pt/collections/cgp50k-prt-lneg-en-50k-age"},{"rel":"prev","type":"application/json","href":"https://ogcapi.lneg.pt/collections/cgp50k-prt-lneg-en-50k-age/items/19051?f=json"},{"rel":"next","type":"application/json","href":"https://ogcapi.lneg.pt/collections/cgp50k-prt-lneg-en-50k-age/items/19053?f=json"}]}

Formação de Vale das Fontes : Margas e calcários

Jurássico

Jurássico Inferior

A página inicial da OGC API do LNEG em JSON

A página inicial da OGC API do LNEG em HTML
