{"type":"Feature","properties":{"id":17742,"inspire_geology_200k_siglnegcreator_geunit_featureid":932582,"inspire_geology_200k_siglnegcreator_geunit_featurename":"Forma\u00e7\u00e3o Lagos-Portim\u00e3o : Arenitos e calcarenitos grosseiros, com f\u00f3sseis marinhos","inspire_geology_200k_siglnegcreator_geunit_representativeag":"miocene","inspire_geology_200k_siglnegcreator_geunit_representativeag_2":"Miocene","inspire_geology_200k_siglnegcreator_geunit_representativeag_3":"http://inspire.ec.europa.eu/codelist/GeochronologicEraValue/miocene","inspire_geology_200k_siglnegcreator_geunit_geologicunittype":"lithostratigraphicUnit","inspire_geology_200k_siglnegcreator_geunit_geologicunittype_2":"Lithostratigraphic Unit","inspire_geology_200k_siglnegcreator_geunit_geologicunittype_3":"http://inspire.ec.europa.eu/codelist/GeologicUnitTypeValue/lithostratigraphicUnit","inspire_geology_200k_siglnegcreator_geunits_mappingframe_co":"surfaceGeology","inspire_geology_200k_siglnegcreator_geunits_mappingframe_la":"surface geology","inspire_geology_200k_siglnegcreator_geunits_mappingframe_ur":"http://inspire.ec.europa.eu/codelist/MappingFrameValue/surfaceGeology","inspire_geology_200k_siglnegcreator_geunit_id_localid":"CGP50k_932582","inspire_geology_200k_siglnegcreator_geunit_id_namespace":"http://id.igeo.pt/so/GE/GeologicUnit","inspire_geology_200k_siglnegcreator_geunit_id_versionid":"v1","inspire_geology_200k_siglnegcreator_geunit_eonothem":"Fanerozoico","inspire_geology_200k_siglnegcreator_geunit_erathem":"Cenozoico","inspire_geology_200k_siglnegcreator_geunit_system":"Neog\u00e9nico","inspire_geology_200k_siglnegcreator_geunit_series":"Mioc\u00e9nico","inspire_geology_200k_siglnegcreator_geunit_stage":null},"id":17742,"geometry":{"type":"Polygon","coordinates":[[[-8.449033301999975,37.14712245100004],[-8.448874991999958,37.14695083600003],[-8.44881696899995,37.14677895300009],[-8.44894548399998,37.14667538800006],[-8.449203368999974,37.14667470000006],[-8.449332548999962,37.14673170100008],[-8.449376007999945,37.14684627600008],[-8.44940508999997,37.146949421000045],[-8.449348353999937,37.147087203000055],[-8.449233927999956,37.147133385000075],[-8.449033301999975,37.14712245100004]]]},"prev":17741,"next":17743,"links":[{"type":"application/json","rel":"root","title":"A p\u00e1gina inicial da OGC API do LNEG em JSON","href":"https://ogcapi.lneg.pt?f=json"},{"type":"text/html","rel":"root","title":"A p\u00e1gina inicial da OGC API do LNEG em HTML","href":"https://ogcapi.lneg.pt?f=html"},{"rel":"self","type":"application/geo+json","title":"Este documento em JSON","href":"https://ogcapi.lneg.pt/collections/cgp200k-prt-lneg-en-200k-age/items/17742?f=json"},{"rel":"alternate","type":"application/ld+json","title":"Este documento em RDF (JSON-LD)","href":"https://ogcapi.lneg.pt/collections/cgp200k-prt-lneg-en-200k-age/items/17742?f=jsonld"},{"rel":"alternate","type":"text/html","title":"Este documento em HTML","href":"https://ogcapi.lneg.pt/collections/cgp200k-prt-lneg-en-200k-age/items/17742?f=html"},{"rel":"collection","type":"application/json","title":"DadosHarmonizados200k/Idades Representativas","href":"https://ogcapi.lneg.pt/collections/cgp200k-prt-lneg-en-200k-age"},{"rel":"prev","type":"application/json","href":"https://ogcapi.lneg.pt/collections/cgp200k-prt-lneg-en-200k-age/items/17741?f=json"},{"rel":"next","type":"application/json","href":"https://ogcapi.lneg.pt/collections/cgp200k-prt-lneg-en-200k-age/items/17743?f=json"}]}

Formação Lagos-Portimão : Arenitos e calcarenitos grosseiros, com fósseis marinhos

Neogénico

Miocénico

A página inicial da OGC API do LNEG em JSON

A página inicial da OGC API do LNEG em HTML
